- 8. Let h be y(6). Suppose -5*i + r + 535 = 6*r, -h*i = -4*r - 452. What is the highest common factor of b and i?
22
Suppose 5*k - 2*q - 28 = 0, -k = -2*k - q + 7. Let s(r) = r**3 + 7*r**2 + 2*r - 16. Let b be s(k). Calculate the highest common factor of 29 and b.
29
Let t(f) = 2*f - 8. Suppose -89 = -4*j - 45. Let l be t(j). What is the greatest common divisor of 2 and l?
2
Let j = 396 - 276. Calculate the highest common factor of 1416 and j.
24
Suppose -d - 36*a + 35*a + 18187 = 0, d - 3*a - 18159 = 0. Calculate the greatest common factor of d and 20.
20
Let v be 2/31 + 116586/558. What is the highest common divisor of 513 and v?
19
Suppose -349*w - 60 = -352*w. Calculate the greatest common divisor of 252 and w.
4
Suppose 5*v = -4*w + 288, 5*w - 44 = 4*v - 258. What is the greatest common factor of 16 and v?
8
Let n(z) = -11*z + 2. Let u = -39 + 33. Let o(q) = 4*q**2 + 26*q + 9. Let s be o(u). Let k be n(s). Calculate the greatest common divisor of 14 and k.
7
Suppose -4*f - 5*f = 1566. Let h = f + 224. What is the greatest common factor of 400 and h?
50
Let b(v) = 22*v**3 + v**2 + 3*v - 3. Let n be b(1). Suppose 19*r + 8 = n*r. Suppose 5 + 7 = r*f. Calculate the greatest common factor of f and 138.
6
Let c(u) = 2495*u - 12593. Let f be c(15). Calculate the highest common factor of f and 194.
194
Let y(p) = -115*p + 1588. Let i be y(13). What is the greatest common factor of 1147 and i?
31
Let n(c) = -c**3 - 20*c**2 + 24*c + 64. Let d be n(-21). Let a be (-296)/(-7) - ((-18)/(-14) - d). Calculate the highest common factor of a and 147.
21
Let l = -22 - -32. Suppose 2*k - 4 = -2*y, 0 = 4*k + 4*y - 2*y - l. Let w be -1 + 0 + -1 + 17. What is the highest common divisor of w and k?
3
Suppose 5*w = -318 - 27. Let r = w + 147. Let v be (3*5/15)/(10/520). Calculate the highest common factor of r and v.
26
Let a(q) = 8*q**2 - 54*q + 49. Let r be a(6). Calculate the greatest common factor of r and 3783.
13
Let x(k) = 3*k**2 - 12*k + 3. Let y be x(5). Suppose 16*i + 112 = 8*i. Let f be ((-76)/(-20) - 3)*(1 - i). Calculate the highest common divisor of f and y.
6
Suppose -203*g - 6*g + 15048 = 0. What is the highest common factor of g and 3252?
12
Suppose -193 = -4*x - 17. Suppose 2*y - 22 = 3*f, 3*f + 108 = 5*y + x. Let s be (-72)/14*(-3577)/146. What is the greatest common divisor of s and y?
14
Let p be -140*((-18)/5)/3. Suppose -b - p = -3*b. Suppose -179*k + 4179 = 20*k. What is the highest common factor of b and k?
21
Let p = 848 + -645. Let j = p - 37. What is the greatest common factor of 747 and j?
83
Suppose -5*n = -5*t + 3*t - 7, 0 = 2*t + n - 11. Suppose 2*k = t, -m - 179 = -6*m + 3*k. Calculate the greatest common divisor of 37 and m.
37
Let i(b) = 24*b**2 + 504*b + 1992. Let p be i(-4). Calculate the highest common divisor of p and 1206.
18
Let q(o) = -o**2 + 6*o - 25. Let c be q(9). Let k = 96 + c. Let r = k + -41. What is the highest common divisor of r and 3?
3
Let t(s) = -2*s**3 + 10*s**2 - 3*s + 64. Let x be t(0). Calculate the greatest common divisor of 1984 and x.
64
Let v = -1757 - -1883. Suppose 3*z - z = 224. Let g = v - z. What is the greatest common divisor of 70 and g?
14
Let m(k) = -205*k**3 + 3*k**2 - 32*k - 91. Let x be m(-3). Calculate the greatest common factor of 19 and x.
19
Let x = 3315 + -3321. Suppose -5*y = 1258 - 4518. Let d be y/20 + x/10. What is the highest common divisor of d and 16?
16
Suppose n = -334*x + 335*x + 10, -n = -3*x - 18. Suppose 2*o - 14 = -8. Suppose -u - o*u = -24. What is the greatest common divisor of u and n?
6
Suppose -3*z + 5*m + 787 = 0, -92 = -z + 2*m + 171. What is the greatest common factor of z and 7?
7
Suppose -26*c + 25*c = 5*o - 14, -5*c = 4*o - 7. Calculate the highest common factor of 637 and o.
1
Suppose -2*l - 146 = -4*q, 4*l + l = -3*q - 326. Let b be (l + -15)*2/(-4). Suppose 69 + b = 2*n. What is the highest common divisor of 11 and n?
11
Suppose -345 = -5*h - 5*i, 84 = h + i - 5*i. Let x = h - 136. Let d be (x/(-12) - 3)/((-1)/(-9)). What is the greatest common factor of d and 63?
21
Let w = 403 - 193. Suppose -30*h + 44*h = w. Calculate the greatest common factor of h and 25.
5
Suppose -3*q - r + 4*r = -1035, 5*r = 4*q - 1381. Calculate the greatest common divisor of 20 and q.
4
Let w = 2510 - 1006. What is the highest common factor of w and 32?
32
Let h = -21 + 75. Suppose -2*p = -108 - h. Suppose -v + 2*q = -38, 5*q = -2*v + 4*q + p. Calculate the greatest common factor of 20 and v.
20
Let h(o) = -97 + 27 + 21 + 3*o + 20. Let a be h(17). What is the highest common factor of a and 22?
22
Let m = 30357 - 17290. Calculate the highest common divisor of 219 and m.
73
Let x = -4305 + 4487. What is the highest common factor of 350 and x?
14
Let n be (8568/(-1666))/((-6)/280). Let p(y) = y**2 - 7*y - 10. Let k be p(8). Let h be 14 - -2*(-1)/k. What is the highest common divisor of h and n?
15
Let f = 397 + -396. Let g = 370 + f. What is the highest common divisor of g and 106?
53
Suppose 0 = -2*z + 2*a + 2946, 16*a - 20*a = -2*z + 2940. What is the greatest common divisor of 4 and z?
4
Let w be 2/(12/122) + 14/(-42). Let m = 45 - 42. Let p be (-2)/((9/(-6))/m). What is the highest common factor of w and p?
4
Suppose 0 = 3*o - 6, -4 = -5*b - 2*o - 10. Let p be (2 - -2)*1 + b + -2. Suppose p = q - 4*q + 57. What is the highest common divisor of 152 and q?
19
Let z be -19 - ((-23600)/1040 - 20/65). Let v be (-1)/1 - 92/(-2). Let h = 89 - v. What is the greatest common divisor of z and h?
4
Let g be 1609/(-46661) + 1132/29. Suppose 4*k - 504 = k - 3*d, 5*d = 3*k - 512. Calculate the greatest common factor of g and k.
13
Let z be (-5)/2*((-162)/(-5))/(-3). Let a = 0 + -10. Let f = 26 - a. What is the highest common factor of f and z?
9
Let k be ((5 - 1)/(-3 + 6))/(14/924). What is the greatest common divisor of k and 148?
4
Let p = -22 - 180. Let o = 62 + p. Let f = -84 - o. Calculate the greatest common factor of f and 8.
8
Let t = 1062 + -1521. Let z = -394 - t. Calculate the highest common divisor of z and 520.
65
Let f be (1*2)/((-1 - 5) + 8). Let d be 65 + (0 - 2) + f. Calculate the greatest common factor of 40 and d.
8
Suppose 4 = -2*f + 3*k, 0*k = -5*f - 3*k + 32. Suppose f*b + 102 = 3*u, -4*u = u - 2*b - 156. Let q = 239 - 164. Calculate the highest common factor of q and u.
15
Let z be 17*2 + (-9 - (-7)/1). Suppose 0 = -2*b + 48 + z. Calculate the highest common factor of 8 and b.
8
Suppose 9*l = 5*l + 11*z + 268, -2*l = 2*z - 164. Calculate the highest common divisor of 6279 and l.
39
Let t be 2873 - -2 - 5/(-10)*10. Suppose -41*w + t = 4*w. Let l = -14 - -30. Calculate the greatest common divisor of w and l.
16
Let g = 3376 + -3277. Calculate the highest common factor of g and 12.
3
Suppose 69*h - 6*h - 43120 = -7*h. Calculate the highest common factor of h and 264.
88
Suppose -4*i + 8*i + 2*p = 2, 0 = 5*i - 2*p - 16. Suppose -12*b + 9*b = -2*d - 365, 0 = -i*b - 2*d + 260. Calculate the highest common factor of b and 25.
25
Let b be -2*(-31 + 8) - -4. Let q(a) = 76*a**2 - 4*a - 5. Let c be q(-1). Calculate the highest common divisor of b and c.
25
Suppose -587 = -34*v + 297. Let c be -29 + v - (0 + -37). What is the highest common divisor of 493 and c?
17
Suppose -2*x + h = -110, -2*x + 495*h - 500*h + 86 = 0. Calculate the greatest common factor of x and 2.
1
Let y = -112 - -114. Suppose 3*r - 35 = y*r + 3*j, -70 = -2*r + 3*j. What is the greatest common divisor of r and 10?
5
Let a(c) = c + 7. Let b be a(9). Suppose -80*m + 1172 = 4*t - 84*m, -5*m = -4*t + 1169. Calculate the highest common factor of b and t.
8
Let j(v) be the second derivative of v**4/12 - 7*v**3/3 + 36*v**2 - 6*v + 6. Let z be j(10). What is the greatest common divisor of z and 32?
32
Suppose 3*s + 5*j - j - 65 = 0, 25 = 2*s - j. Suppose 8*q + 7*q - 210 = 0. Let i be (-1 - -6) + 2240/q. Calculate the highest common divisor of s and i.
15
Suppose 23456 = -14*y + 22*y. Suppose 16*c - y = -500. Calculate the highest common divisor of 38 and c.
38
Suppose -15*d - 15840 = -12*d - 35*d. Calculate the greatest common factor of d and 375.
15
Let f(v) = -147*v**3 - 2*v**2 - 8*v - 6. Let i be f(-1). Calculate the greatest common divisor of i and 3.
3
Let b(p) = p**3 + 77*p**2 - 77*p + 149. Let h be b(-78)